49409?
4
What is the units digit of 61623569?
9
What is the units digit of 475817189?
9
What is the billions digit of 1622823848?
1
What is the units digit of 9126919?
9
What is the hundreds digit of 2122771115?
1
What is the ten millions digit of 4838068005?
3
What is the ten millions digit of 1710735961?
1
What is the hundred thousands digit of 44796869?
7
What is the hundred thousands digit of 36184394?
1
What is the millions digit of 1641581450?
1
What is the ten thousands digit of 1966989002?
8
What is the hundreds digit of 1184272011?
0
What is the ten millions digit of 357490891?
5
What is the ten millions digit of 631630038?
3
What is the units digit of 445517383?
3
What is the ten millions digit of 166649645?
6
What is the hundred thousands digit of 95910620?
9
What is the units digit of 1877980168?
8
What is the millions digit of 1000293023?
0
What is the ten thousands digit of 464538116?
3
What is the thousands digit of 901180583?
0
What is the thousands digit of 423095720?
5
What is the tens digit of 104401311?
1
What is the units digit of 1585727246?
6
What is the tens digit of 45867862?
6
What is the ten millions digit of 500010470?
0
What is the ten thousands digit of 122455877?
5
What is the thousands digit of 84516789?
6
What is the millions digit of 137040514?
7
What is the tens digit of 2142808352?
5
What is the hundreds digit of 296779222?
2
What is the ten millions digit of 24351095?
2
What is the ten millions digit of 22110186?
2
What is the hundreds digit of 184738508?
5
What is the millions digit of 541616348?
1
What is the hundred millions digit of 210474267?
2
What is the millions digit of 37639347?
7
What is the ten thousands digit of 74985221?
8
What is the hundreds digit of 2320489224?
2
What is the hundred millions digit of 967159145?
9
What is the tens digit of 2599227256?
5
What is the hundred thousands digit of 7226890898?
8
What is the millions digit of 38065637?
8
What is the millions digit of 101384956?
1
What is the ten thousands digit of 112610786?
1
What is the hundred millions digit of 5416087124?
4
What is the ten thousands digit of 50139332?
3
What is the thousands digit of 2654498692?
8
What is the hundred millions digit of 7648225341?
6
What is the thousands digit of 35973490?
3
What is the hundred thousands digit of 150906561?
9
What is the hundreds digit of 1408710890?
8
What is the hundreds digit of 48866817?
8
What is the ten thousands digit of 87918946?
1
What is the hundreds digit of 91669933?
9
What is the thousands digit of 4867571?
7
What is the ten thousands digit of 681680136?
8
What is the hundreds digit of 19304973?
9
What is the ten thousands digit of 52318339?
1
What is the hundreds digit of 61276048?
0
What is the thousands digit of 49800332?
0
What is the hundred thousands digit of 3231938941?
9
What is the thousands digit of 35030799?
0
What is the hundred thousands digit of 78837743?
8
What is the ten thousands digit of 1756901946?
0
What is the hundred thousands digit of 572220808?
2
What is the units digit of 191545228?
8
What is the ten thousands digit of 278216150?
1
What is the ten thousands digit of 139838609?
3
What is the ten thousands digit of 29888068?
8
What is the ten thousands digit of 67031346?
3
What is the thousands digit of 649607677?
7
What is the thousands digit of 4490075255?
5
What is the millions digit of 67986844?
7
What is the hundred thousands digit of 853919598?
9
What is the tens digit of 35752877?
7
What is the ten thousands digit of 13737185?
3
What is the ten millions digit of 1494587057?
9
What is the units digit of 36435650?
0
What is the hundred millions digit of 3280037982?
2
What is the ten thousands digit of 234004495?
0
What is the hundreds digit of 402639393?
3
What is the ten millions digit of 541040177?
4
What is the millions digit of 66599404?
6
What is the ten millions digit of 278951438?
7
What is the hundred thousands digit of 367948253?
9
What is the millions digit of 3710202?
3
What is the ten thousands digit of 33725843?
2
What is the ten millions digit of 115567845?
1
What is the hundred millions digit of 3295125761?
2
What is the ten millions digit of 284907962?
8
What is the hundred thousands digit of 741972512?
9
What is the tens digit of 440336514?
1
What is the units digit of 139082835?
5
What is the hundreds digit of 1931822218?
2
What is the units digit of 195962139?
9
What is the hundred thousands digit of 2765591035?
5
What is the thousands digit of 809864533?
4
What is the hundred millions digit of 1870421629?
8
What is the tens digit of 90003531?
3
What is the ten millions digit of 31102035?
3
What is the hundred thousands digit of 36627819?
6
What is the tens digit of 128817291?
9
What is the tens digit of 637066870?
7
What is the hundreds digit of 4378210204?
2
What is the ten thousands digit of 540030744?
3
What is the hundred millions digit of 281564027?
2
What is the ten thousands digit of 11809570?
0
What is the ten thousands digit of 5462299718?
9
What is the hundreds digit of 39368981?
9
What is the thousands digit of 4611900661?
0
What is the millions digit of 451817519?
1
What is the tens digit of 2386789788?
8
What is the thousands digit of 303392559?
2
What is the ten millions digit of 37807151?
3
What is the millions digit of 2441518779?
1
What is the hundred millions digit of 232428501?
2
What is the ten thousands digit of 172259661?
5
What is the hundred millions digit of 120042185?
1
What is the hundred thousands digit of 3566824280?
8
What is the thousands digit of 1447089?
7
What is the ten thousands digit of 166974845?
7
What is the hundred millions digit of 181630286?
1
What is the tens digit of 408570306?
0
What is the tens digit of 1386020909?
0
What is the billions digit of 1854135503?
1
What is the millions digit of 58066821?
8
What is the thousands digit of 793638182?
8
What is the hundreds digit of 3326599028?
0
What is the ten thousands digit of 83942010?
4
What is the tens digit of 98909071?
7
What is the hundred millions digit of 3813703624?
8
What is the ten thousands digit of 2330320210?
2
What is the units digit of 157845342?
2
What is the tens digit of 64344593?
9
What is the units digit of 101329522?
2
What is the thousands digit of 14752728?
2
What is the hundred thousands digit of 178548478?
5
What is the ten thousands digit of 110039504?
3
What is the hundreds digit of 500608222?
2
What is the ten thousands digit of 1107981877?
8
What is the hundreds digit of 626809866?
8
What is the hundred millions digit of 447955316?
4
What is the tens digit of 6392213?
1
What is the hundred thousands digit of 3374862119?
8
What is the hundred thousands digit of 1202658978?
6
What is the units digit of 15020467?
7
What is the hundred thousands digit of 282718979?
7
What is the thousands digit of 2878006515?
6
What is the ten millions digit of 137702748?
3
What is the hundred thousands digit of 2614634110?
6
What is the millions digit of 104171192?
4
What is the thousands digit of 40568735?
8
What is the hundred millions digit of 182037060?
1
What is the ten thousands digit of 357927106?
2
What is the units digit of 40559771?
1
What is the ten thousands digit of 7329647920?
4
What is the thousands digit of 27748050?
8
What is the tens digit of 178924460?
6
What is the thousands digit of 938109045?
9
What is the ten millions digit of 1726004864?
2
What is the hundred millions digit of 1703271686?
7
What is the millions digit of 3340086512?
0
What is the hundreds digit of 2449932195?
1
What is the millions digit of 474809937?
4
What is the thousands digit of 647087638?
7
What is the hundreds digit of 103225336?
3
What is the hundred millions digit of 212651879?
2
What is the ten millions digit of 85749729?
8
What is the hundred millions digit of 1162269990?
1
What is the ten millions digit of 864073884?
6
What is the tens digit of 535442837?
3
What is the units digit of 7023946252?
2
What is the hundreds digit of 5805582152?
1
What is the millions digit of 260894186?
0
What is the ten millions digit of 1533348150?
3
What is the hundred thousands digit of 2667556591?
5
What is the ten thousands digit of 446486128?
8
What is the tens digit of 517424190?
9
What is the tens digit of 834366547?
4
What is